+ 4)*-1. Let i = o + u. Is i composite?
False
Is 4*((-18331277)/(-1420) + 16/(-10)) prime?
True
Let i(f) = 44*f**2 - 7*f + 1. Is i(10) prime?
False
Let w be (-10)/(1 + (-9)/8). Is 6474/10 + (-32)/w a prime number?
True
Suppose 0 = l - 658 + 225. Suppose 1749 - l = 4*i. Is i a prime number?
False
Suppose 565 + 303 = 4*y. Let m = y - 8. Is (m - 5) + 3/(-3) composite?
True
Suppose 3*g + 3 = 4*g. Suppose -3*z - g*w + 6078 = -2868, 3*z + 2*w - 8947 = 0. Is z composite?
True
Is -7 + (17 - 5) + 521 prime?
False
Suppose -44502 - 177966 = -4*b - 3*a, -4*a = 0. Is b a composite number?
True
Let p = -54 + 81. Suppose -63 - p = -5*k. Suppose -k = 2*c - 166. Is c a composite number?
True
Suppose 4*l - 9 = 7. Suppose -2*z = b + 14, -2*b + z = -l*z + 55. Let j = b + 63. Is j prime?
True
Suppose 4*m = 3*s + 56, -3*s + 13 = 1. Suppose 5*b - m = l, l - 4*b + 31 = 6*l. Suppose -6*k + l*k + 111 = 0. Is k a composite number?
False
Suppose d = -5*a + 305 + 14, 1595 = 5*d - 2*a. Suppose -3*c - 2*v + 1534 = 0, -4*c = -v - 1741 - d. Is c a composite number?
True
Is 5170/6 + 12/9 a composite number?
False
Let n(d) = d**3 - 22*d**2 + 23*d - 32. Let h be n(22). Suppose 3*x + 3*x - h = 0. Is x a composite number?
False
Let q(n) = -n**3 + 7*n**2 + 5*n + 24. Let p be q(8). Suppose 4*w = -m - 0*w + 665, p = -4*m - 4*w + 2612. Is m a prime number?
False
Let w(s) = -s**3 + 17*s**2 - 15*s - 20. Let b be w(16). Is -4 + 0 + 1003 - b a prime number?
False
Suppose 5*z + 2261 = 2*i, i + z = 5*z + 1132. Suppose 3*s + 687 = -2*r + 1836, -5*r = -3*s + i. Is s a composite number?
True
Suppose 42*f - 49*f + 476 = 0. Is 59644/f - (-4)/(-34) composite?
False
Is (((-14)/7)/(-2))/(6/94386) prime?
True
Suppose 8 = -3*d - d. Let k = -11 - -22. Is d/k + (-6408)/(-33) prime?
False
Let p = 274 - 480. Is (p/10)/(12/(-30))*2 a composite number?
False
Is -2*2 + 19765/5 + 4 composite?
True
Let i = 7278 - -3775. Is i composite?
True
Suppose -4*s = -3*b - 8, -2 = -s - 0*s + b. Suppose -4*i = -3*n + 871, s*n - 5*i = 114 + 462. Is n composite?
False
Suppose -2*a - 5*f = -0*a - 973, -5*a + 2421 = f. Let o = a + -279. Is o a composite number?
True
Let f(q) = -q**2 - 7*q - 8. Let x be f(-6). Suppose 3*l + 2*l = -15. Is (682/(-4) - l)*x prime?
False
Suppose -3*a = 3*p - 41127, -2*p - 3*a = -18327 - 9089. Is p composite?
False
Let i(h) = 97*h**2 + 136*h - 46. Is i(-15) a composite number?
False
Let l be -5 - ((3 - -2) + -12). Suppose 0 = 5*r, -3*k + 0*r - l*r + 561 = 0. Is k a composite number?
True
Let g be ((-20229)/44)/(((-9)/(-48))/3). Is 6/(-4)*g/18 a prime number?
True
Let a(p) = -p**2 + 8*p - 15. Let z be a(5). Suppose z = -5*v - 4*m + 431, -2*v - 2*m - 2*m + 182 = 0. Is v composite?
False
Is 26/(-65) + 98034/10 a prime number?
True
Let g(k) = k**3 + 7*k**2 - 6*k - 5. Suppose -4*x = 5*d - 0*d - 15, -5*d - 5 = 0. Is g(x) a prime number?
False
Let i be 2/13 + 4/(-26). Let r be i + (-3)/(-1) + -3. Suppose r = -0*n + 2*n - 188. Is n composite?
True
Let r = 5690 - 3797. Is r composite?
True
Suppose -1784 = 2*t - 404. Suppose -2*s + s = -5*w + 69, 3*w - 2*s = 40. Is (-4)/w - t/14 a composite number?
True
Let u(a) = -a**2 + 3*a + 10825. Let g be u(0). Let h = g - 3942. Is h a composite number?
False
Let m(b) = -2*b**2 + 3*b + 7. Let j be m(6). Suppose 110*f - 111*f = -358. Let r = f + j. Is r prime?
True
Suppose -11*h + 390664 = 19931. Is h prime?
True
Suppose -3*a = 3*k + 2*a + 9, -2*a = 6. Suppose -4*h + 8 = -3*h - z, 4*h - 22 = k*z. Is 22 + -2*h/(-6) a prime number?
True
Let f(g) = -g**3 - 8*g**2 - 4*g - 6. Let p be f(-7). Let q = p + 42. Is q prime?
False
Suppose -58 = 3*a - 2*p, 3*p + 11 = -2*a - 6. Let y(c) = c**3 + 17*c**2 + 8*c + 14. Let g be y(a). Let n = g + 37. Is n a prime number?
True
Is (-61 + -2406)*(-1*1 - 0) composite?
False
Is (3 + -609)*(-632)/48 a composite number?
True
Suppose 2*c - 514 = -0*c. Suppose -c = 4*f - 5*f. Is f a composite number?
False
Is (-125667)/(-36) + (-2)/(-8) prime?
True
Suppose 2*f + 3*f = 0, 4*m - 2*f = 44. Suppose -5*s - 99 = -4*p, -3*p = -5*s - 57 - m. Is p a prime number?
True
Let w(g) = 2*g**2 + 2*g - 16. Let l be w(8). Let h = 271 - l. Is h prime?
False
Suppose 0 = 156*i - 164*i + 51752. Is i a prime number?
True
Suppose 0 = 8*l - 3*l - 15090. Suppose l = -20*y + 26*y. Is y a composite number?
False
Let j = 14 - -46. Suppose 14 = -t + j. Suppose g = 25 + t. Is g prime?
True
Is ((-21)/(567/1062))/((-4)/534) prime?
False
Suppose 0 = -3*x - 15, 4*o = -0*o - x + 65927. Is o composite?
True
Let l be 266556/54 - (3 - (-75)/(-27)). Let m = l - 2705. Is m composite?
True
Let p(g) = g - 12. Let i be p(12). Let l be (-13)/((-2)/(110 - i)). Suppose -2*o - l = -5*u + 614, -u - o + 263 = 0. Is u a composite number?
True
Let c = -28476 - -62005. Is c prime?
True
Suppose 3*h + h - 48 = 0. Let x = -26 + h. Is (-1)/7 - 2200/x a prime number?
True
Suppose -2*c - 10 = 0, 4*d - 44414 = 5*c - 3*c. Is d a composite number?
True
Let y(v) = v**3 + 5*v**2 - 5*v + 5. Let p be y(-6). Let x be (4 - 12)/2*p. Suppose 0 = -x*z + 9*z - 385. Is z a composite number?
True
Let m be (-372)/(-28) - (-5)/((-70)/4). Suppose 8*t - m*t = -155. Is t composite?
False
Let u = 4786 + 9687. Is u composite?
True
Let q(u) = 10*u**2 + u + 2. Suppose 0 = -5*a - 4*o - 5, 2*o - 3*o - 15 = 4*a. Let t = -1 - a. Is q(t) a composite number?
True
Let q be (12/2)/(10 + -7). Is 290/q + 1 + 3 a composite number?
False
Suppose 0 = 2*o - 2, 5*q + 4*o = 285766 - 16067. Is q a composite number?
False
Suppose -2 = -w - 3*w + 2*r, -3*w - 5*r = -21. Suppose 2*t + 0*t - 502 = -w*a, -5*t + 502 = 2*a. Is a prime?
True
Suppose -2*j + 4*o = 3*j - 10, -2*j = -2*o - 4. Suppose 0 = -k + 3*u - 1, -2*k - k - 10 = -j*u. Let r = k + 41. Is r a composite number?
False
Let x = 43 - 8. Let d = 99 + x. Is d a prime number?
False
Suppose 5*v - 4 = 1. Suppose -c + 1 = -v. Is (-234)/c*7/(-21) composite?
True
Suppose -5433 = -2*g + 5*x, 4*g + 3*x - 10857 = 4*x. Suppose -g = -4*y + 1982. Is y a composite number?
True
Let a(r) = 20*r - 11. Let u(p) = p + 1. Let w(j) = -a(j) + 4*u(j). Is w(-14) prime?
True
Suppose 110 = -15*i + 10*i. Let p = 695 + i. Is p a prime number?
True
Let s(a) = a**3 + 8*a**2 + 3. Suppose 5*d + 21 = -19. Let z be s(d). Suppose 39 - 176 = -x + 5*o, -5*x - z*o + 797 = 0. Is x a composite number?
False
Let o be 1176/(-10)*(-60)/9. Let m = o - 365. Suppose -3*n + m = -766. Is n prime?
False
Let p(i) = 19*i**2 + 36*i + 24. Is p(-13) a composite number?
False
Suppose o - 2703 = 2*a, o = -2*o + 4*a + 8113. Is o a composite number?
False
Let s(o) = o**3 + 4*o - 3. Let q be s(1). Suppose -q*p = 3*p - 1895. Is p composite?
False
Let a = 25313 - 16452. Is a prime?
True
Suppose -5*h = -5*k + 57895, k - 2*h + 5424 = 17003. Is k a prime number?
True
Let d(m) = -m**2 + 5. Let g be 0/(2 - 6/2). Let b be d(g). Suppose b*q - 8*q + 489 = 0. Is q prime?
True
Let u(i) = 3*i**2 - 4*i + 14. Let d be u(9). Let h be (168 - 2)*3/2. Suppose -5*b + d = -h. Is b a prime number?
False
Let x = 67 - 66. Is (1002/4 - x)/(1/2) composite?
False
Let k = -88 - -769. Is k a prime number?
False
Let o = 84 - 167. Let x = -48 - o. Let d = x + -20. Is d a composite number?
True
Is (-9)/15 - ((-605865)/25 + 1) prime?
False
Suppose 12275 = 3*g - 274. Is g a prime number?
False
Suppose 4*m = 3*h + 158905, -50*m + 55*m + 4*h = 198639. Is m a prime number?
True
Suppose -2130 = -2*f + 5*x + 26787, -5*f - 2*x = -72365. Is f a prime number?
False
Let n(y) = y + 2. Let d be n(-6). Let s(h) = -4*h**3 + 4*h**2 + h + 3. Is s(d) a composite number?
True
Is (38/6 - 5)/((-16)/(-66012)) a composite number?
False
Let k = 81503 + -50412. Is k composite?
False
Let b(j) = -2*j**2 + 13*j + 7. Let g be b(7). Is (g + 0 + -1)/(1/(-235)) prime?
False
Let d(f) be the second derivative of f**4/12 + 3*f**3/2 - 3*f**2 - 19*f. Is d(11) composite?
True
Let u be 6/(-4)*(-28)/21. Suppose 3*b = -3*z + 1106 + 3088, u*b - z - 2799 = 0. Is b composite?
False
Suppose -464 = -14*v + 18*v. Let r = v - -126. Is r prime?
False
Let i = 9 + 19. Suppose -m + i = -27. Is m a prime number?
False
Let d(i) = 11*i**2 - i. Suppose 0 = -2*w - 2*z, -5*w + 4*z = -4*w - 5. Let c be d(w). Suppose n - c = 36. Is n composite?
True
Let m be -1*2*-1 + -5. Suppose -x + g = 78 - 410, 2*x + g - 679 = 0. Is (-2)/m - x/(-3) c